{"id":1691,"date":"2022-03-03T20:33:10","date_gmt":"2022-03-03T19:33:10","guid":{"rendered":"http:\/\/192.168.2.121\/?page_id=1691"},"modified":"2022-03-11T20:47:23","modified_gmt":"2022-03-11T19:47:23","slug":"datenprivatsphaere-gdpr-dsgvo","status":"publish","type":"page","link":"https:\/\/www.allpccloud.com\/?page_id=1691&lang=de","title":{"rendered":"Datenprivatsph\u00e4re DSGVO"},"content":{"rendered":"<p>[et_pb_section fb_built=&#8221;1&#8243; _builder_version=&#8221;3.22.3&#8243; global_colors_info=&#8221;{}&#8221;][et_pb_row _builder_version=&#8221;3.25&#8243; background_size=&#8221;initial&#8221; background_position=&#8221;top_left&#8221; background_repeat=&#8221;repeat&#8221; global_colors_info=&#8221;{}&#8221;][et_pb_column type=&#8221;4_4&#8243; _builder_version=&#8221;3.25&#8243; custom_padding=&#8221;|||&#8221; global_colors_info=&#8221;{}&#8221; custom_padding__hover=&#8221;|||&#8221;][et_pb_text _builder_version=&#8221;3.27.4&#8243; global_colors_info=&#8221;{}&#8221;]<\/p>\n<h1 style=\"text-align: center;\"><b>Datenschutz-Grundverordnung<\/b> <strong>(DSGVO)<\/strong><\/h1>\n<p>&nbsp;<\/p>\n<p><strong>Informationen zum Datenschutz entsprechend der EU Verordnung 2016\/679<\/strong><\/p>\n<p>Diese Seite informiert dar\u00fcber, wie allpccloud GmbH mit Nutzerdaten umgeht und wie Sie ihre Datenschutzrechte bei Benutzung des allpccloud Webservice wahrnehmen k\u00f6nnen.<\/p>\n<p>Es muss bei unserem Webservice zwischen zwei Benutzertypen unterschieden werden &#8211; wir nennen sie Kunden (clients) und K\u00e4ufer (shoppers). Kunden haben eine direkte Gesch\u00e4ftsbeziehung mit uns, der allpccloud GmbH, K\u00e4ufer hingegen nicht &#8211; sie sind f\u00fcr gew\u00f6hnlich Kunden unserer Kunden und benutzen unseren Webservice indirekt. Falls Sie von einem allpccloud-Kaufformular auf diese Seite weitergeleitet worden sind, sind Sie mit h\u00f6chster Wahrscheinlichkeit ein K\u00e4ufer. Bitte lesen Sie diese Seite sorgf\u00e4ltig und werden Sie sich dar\u00fcber klar, welcher Fall auf Sie zutrifft.<\/p>\n<p>Weitere Informationen zum Thema Datenschutz finden Sie <a href=\"https:\/\/www.allpccloud.com\/?page_id=361\">hier<\/a>.<br \/>\n[\/et_pb_text][\/et_pb_column][\/et_pb_row][et_pb_row column_structure=&#8221;1_4,3_4&#8243; _builder_version=&#8221;3.25&#8243; global_colors_info=&#8221;{}&#8221;][et_pb_column type=&#8221;1_4&#8243; _builder_version=&#8221;3.25&#8243; custom_padding=&#8221;|||&#8221; global_colors_info=&#8221;{}&#8221; custom_padding__hover=&#8221;|||&#8221;][et_pb_text admin_label=&#8221;Info for clients &#8211; Heading&#8221; _builder_version=&#8221;3.27.4&#8243; global_colors_info=&#8221;{}&#8221;]<\/p>\n<h1 style=\"text-align: left;\">Datenschutz- informationen f\u00fcr Kunden<\/h1>\n<p>[\/et_pb_text][\/et_pb_column][et_pb_column type=&#8221;3_4&#8243; _builder_version=&#8221;3.25&#8243; custom_padding=&#8221;|||&#8221; global_colors_info=&#8221;{}&#8221; custom_padding__hover=&#8221;|||&#8221;][et_pb_text admin_label=&#8221;Info for clients &#8211; Text 1&#8243; _builder_version=&#8221;3.27.4&#8243; global_colors_info=&#8221;{}&#8221;]<\/p>\n<h2>Wer ist ein Kunde?<\/h2>\n<p>&nbsp;<\/p>\n<p>Kunden sind Abonennten des allpccloud Webservice. Sie nutzen unsere Konfiguratorsoftware, um ihre Produkte abzubilden und definieren die durchzuf\u00fchrenden Konfigurationsschritte. Kunden haben normalerweise eigene Webseiten, in welche unsere Konfiguratorsoftware via &lt;iframe&gt; eingebettet wird. Die Einbettung ist in der Regel nahtlos; f\u00fcr einen Besucher dieser Seite (ein potentieller K\u00e4ufer) ist dies normalerweise nicht sichtbar.<br \/>\n[\/et_pb_text][et_pb_text admin_label=&#8221;Info for clients &#8211; Text 2&#8243; _builder_version=&#8221;3.27.4&#8243; global_colors_info=&#8221;{}&#8221;]<\/p>\n<h2>Welche Kundendaten werden gespeichert?<\/h2>\n<p>&nbsp;<\/p>\n<p>Solange Kunden in einer direkten Gesch\u00e4ftsbeziehung mit allpccloud GmbH stehen, speichern wir kundenbezogene Daten. Dies sind im einzelnen:<\/p>\n<ul>\n<li>Kundenname und Anschrift<\/li>\n<li>Telefon und E-Mail-Adresse<\/li>\n<li>Abo-Guthaben<\/li>\n<li>Produktdaten und Konfigurationsvorg\u00e4nge.<\/li>\n<\/ul>\n<p>Diese Daten sind f\u00fcr die ordnungsgem\u00e4\u00dfe Funktionalit\u00e4t unseres Webservice notwendig. Wir kontaktieren unsere Kunden regelm\u00e4\u00dfig, z.B. um \u00fcber K\u00e4uferaktivit\u00e4ten zu informieren oder um Rechnungen zu versenden.<\/p>\n<p>Kunden k\u00f6nnen ihre Daten in einem wohlbekannten Dateiformat herunterladen. Wenn ein Kunde seine Mitgliedschaft bei allpccloud GmbH beendet, werden diese Daten gel\u00f6scht und k\u00f6nnen ohne voriges manuelles Backup nicht wiederhergestellt werden. Alle Daten seiner K\u00e4ufer werden ebenfalls gel\u00f6scht. WIR GEBEN KUNDENDATEN NICHT AND DRITTE PARTEIEN WEITER UND WERDEN DIES OHNE EINVERST\u00c4NDNIS UNSERER KUNDEN AUCH NIEMALS TUN (Ausnahme: Strafverfolgungsbeh\u00f6rden bei begr\u00fcndetem Verdacht auf eine Straftat).<\/p>\n<p>[\/et_pb_text][\/et_pb_column][\/et_pb_row][et_pb_row column_structure=&#8221;1_4,3_4&#8243; _builder_version=&#8221;3.25&#8243; global_colors_info=&#8221;{}&#8221;][et_pb_column type=&#8221;1_4&#8243; _builder_version=&#8221;3.25&#8243; custom_padding=&#8221;|||&#8221; global_colors_info=&#8221;{}&#8221; custom_padding__hover=&#8221;|||&#8221;][et_pb_text admin_label=&#8221;Info for shoppers &#8211; heading&#8221; module_id=&#8221;info_shopper_dataprot&#8221; _builder_version=&#8221;3.27.4&#8243; global_colors_info=&#8221;{}&#8221;]<\/p>\n<h1 style=\"text-align: left;\">Datenschutz- informationen f\u00fcr K\u00e4ufer<\/h1>\n<p>[\/et_pb_text][\/et_pb_column][et_pb_column type=&#8221;3_4&#8243; _builder_version=&#8221;3.25&#8243; custom_padding=&#8221;|||&#8221; global_colors_info=&#8221;{}&#8221; custom_padding__hover=&#8221;|||&#8221;][et_pb_text admin_label=&#8221;Info for shoppers &#8211; text 1&#8243; _builder_version=&#8221;3.27.4&#8243; global_colors_info=&#8221;{}&#8221;]<\/p>\n<h2>Wer ist ein K\u00e4ufer?<\/h2>\n<p>&nbsp;<\/p>\n<p>K\u00e4ufer sind Kunden unserer Kunden (s.o.). Sie nutzen unsere Konfigurationssoftware normalerweise auf den Webseiten unserer Kunden und es ist f\u00fcr sie normalerweise nicht direkt ersichtlich, wenn der allpccloud Webservice genutzt wird, da seine Einbettung nahtlos geschieht. K\u00e4ufer haben keine Gesch\u00e4ftsbeziehung mit der allpccloud GmbH; f\u00fcr Sie sind unsere Kunden die sichtbaren Ansprechpartner.<br \/>\n[\/et_pb_text][et_pb_text admin_label=&#8221;Info for shoppers &#8211; text 2&#8243; _builder_version=&#8221;3.27.4&#8243; global_colors_info=&#8221;{}&#8221;]<\/p>\n<h2>Welche K\u00e4uferdaten werden gespeichert?<\/h2>\n<p>&nbsp;<\/p>\n<p>allpccloud fragt K\u00e4uferdaten ab und leitet sie an unsere jeweiligen Kunden weiter. Diese Daten sind:<\/p>\n<ul>\n<li>K\u00e4ufername und Anschrift<\/li>\n<li>Telefon und E-Mail-Adresse<\/li>\n<li>Zahlungsarten<\/li>\n<li>Mit der Zahlungsart verkn\u00fcpfte Informationen (z.B. Bankverbindung bei Lastschriftverfahren)<\/li>\n<\/ul>\n<p>Diese Daten sind f\u00fcr die ordnungsgem\u00e4\u00dfe Funktionsweise unseres Webservice notwendig. Mit ihrer Hilfe werden Bestelldokumente generiert (Angebote oder Rechnungen), welche an unsere Kunden verschickt werden, wenn eine Bestellung ausgel\u00f6st wird. Wenn ein Konfigurationsvorgang abgebrochen wird, werden keine K\u00e4uferdaten erhoben und unser Kunde wird nicht informiert. Ein Kunde kann die Liste seiner K\u00e4ufer einsehen; er kann sie herunterladen und einzelne K\u00e4uferkonten l\u00f6schen.<\/p>\n<p>K\u00e4uferdaten sind nur f\u00fcr den ihm zugeordneten Kunden sichtbar. WIR GEBEN NIEMALS K\u00c4UFERDATEN AN DRITTE PARTEIEN HERAUS (Ausnahme: Strafverfolgungsbeh\u00f6rden bei begr\u00fcndetem Verdacht auf eine Straftat). Bei Inaktivit\u00e4t werden alle K\u00e4uferdaten innerhalb von 14 Tagen gel\u00f6scht. Ausnahme: Ein K\u00e4ufer stimmt zu, dass seine Daten ohne Zeitlimit gespeichert werden. Dies muss explizit in einem Kaufformular angew\u00e4hlt werden und dient ausschlie\u00dflich seinem Komfort, wenn der K\u00e4ufer weitere Bestellungen bei einem Kunden plant.<\/p>\n<p>K\u00e4ufer k\u00f6nnen ihre gespeicherten pers\u00f6nlichen Daten in einem wohlbekannten Dateiformat herunterladen. Sie k\u00f6nnen diese auch explizit bei den ihnen zugeordneten Kunden oder direkt bei allpccloud anfragen (support [at] allpccloud.de). Wenn eine Kunde seine Mitgliedschaft bei allpccloud GmbH k\u00fcndigt, werden auch die Daten seiner K\u00e4ufer gel\u00f6scht und k\u00f6nnen ohne vorheriges manuelles Backup nicht wiederhergestellt werden. Ein K\u00e4ufer kann die L\u00f6schung seiner Daten beim Kunden oder bei allpccloud direkt beantragen.<\/p>\n<p>allpccloud kontaktiert K\u00e4ufer niemals direkt. Jedwede Kommunikation mit einem K\u00e4ufer muss vom Kunden selbst vorgenommen werden.<\/p>\n<p>[\/et_pb_text][\/et_pb_column][\/et_pb_row][et_pb_row column_structure=&#8221;1_4,3_4&#8243; _builder_version=&#8221;3.25&#8243; global_colors_info=&#8221;{}&#8221;][et_pb_column type=&#8221;1_4&#8243; _builder_version=&#8221;3.25&#8243; custom_padding=&#8221;|||&#8221; global_colors_info=&#8221;{}&#8221; custom_padding__hover=&#8221;|||&#8221;][et_pb_text module_id=&#8221;info_cookie_dataprot_de&#8221; _builder_version=&#8221;3.27.4&#8243; global_colors_info=&#8221;{}&#8221;]<\/p>\n<h1 style=\"text-align: left;\">Informationen zu Metadaten und Cookies<\/h1>\n<p>[\/et_pb_text][\/et_pb_column][et_pb_column type=&#8221;3_4&#8243; _builder_version=&#8221;3.25&#8243; custom_padding=&#8221;|||&#8221; global_colors_info=&#8221;{}&#8221; custom_padding__hover=&#8221;|||&#8221;][et_pb_text admin_label=&#8221;Info meta data &#8211; text 1&#8243; _builder_version=&#8221;3.27.4&#8243; global_colors_info=&#8221;{}&#8221;]<\/p>\n<h2>Metadaten<\/h2>\n<p>Metadaten sind, kurz gesagt, Daten, die w\u00e4hrend der normalen Nutzung von Webseiten oder -Services anfallen, z.B. die IP-Adresse oder Browser-Einstellungen des Besuchers. Metadaten k\u00f6nnen genutzt werden, um einen Besucher zu identifizieren, auch ohne explizit nach seinen pers\u00f6nlichen Daten zu fragen. allpccloud GmbH speichert keine IP-Adressen von Besuchern der Seite <a href=\"http:\/\/www.allpccloud.com\">http:\/\/www.allpccloud.com<\/a>.<\/p>\n<p>allpccloud GmbH speichert keine Metadaten von K\u00e4ufern. Wenn ein Konfigurationsprozess abgebrochen wird, ist allpccloud nicht in der Lage, den Nutzer zu identifizieren, wenn dieser keine Eintragungen im Kaufformular get\u00e4tigt hat.<br \/>\n[\/et_pb_text][et_pb_text admin_label=&#8221;Info meta data &#8211; text 2&#8243; _builder_version=&#8221;3.27.4&#8243; global_colors_info=&#8221;{}&#8221;]<\/p>\n<h2>Cookies<\/h2>\n<p>Cookies sind kleine Zeichenketten, die browserseitig auf dem Rechner des Internet-Nutzers gespeichert werden. Cookies sind einem Domainnamen zugeordnet; so kann z.B. die Webseite www.example1.com nicht auf Cookies der Seite www.example2.com zugreifen.<\/p>\n<p>allpccloud GmbH nutzt Cookies nur zu einem Zweck: Man kann seinen Benutzernamen und sein Passwort im Browser speichern, sodass dieses nicht bei jedem Login neu eingegeben werden muss &#8211; sowohl als Kunde wie auch als K\u00e4ufer (Checkbox &#8220;Merken&#8221;). Diese Funktion dient dem Komfort und ist f\u00fcr das Arbeiten mit dem allpccloud Webservice nicht notwendig. Der Cookie l\u00e4uft nach einem Jahr Inaktivit\u00e4t ab und kann au\u00dferdem jederzeit manuell in den Browser-Einstellungen gel\u00f6scht werden.<br \/>\n[\/et_pb_text][\/et_pb_column][\/et_pb_row][et_pb_row column_structure=&#8221;1_4,3_4&#8243; _builder_version=&#8221;3.25&#8243; global_colors_info=&#8221;{}&#8221;][et_pb_column type=&#8221;1_4&#8243; _builder_version=&#8221;3.25&#8243; custom_padding=&#8221;|||&#8221; global_colors_info=&#8221;{}&#8221; custom_padding__hover=&#8221;|||&#8221;][et_pb_text admin_label=&#8221;Contact &#8211; heading&#8221; _builder_version=&#8221;3.27.4&#8243; global_colors_info=&#8221;{}&#8221;]<\/p>\n<h1 style=\"text-align: left;\">Kontakt<\/h1>\n<p>[\/et_pb_text][\/et_pb_column][et_pb_column type=&#8221;3_4&#8243; _builder_version=&#8221;3.25&#8243; custom_padding=&#8221;|||&#8221; global_colors_info=&#8221;{}&#8221; custom_padding__hover=&#8221;|||&#8221;][et_pb_text admin_label=&#8221;Contact &#8211; text&#8221; _builder_version=&#8221;3.27.4&#8243; global_colors_info=&#8221;{}&#8221;]F\u00fcr R\u00fcckfragen zum Thema Datenschutz k\u00f6nnen Sie uns erreichen unter:<\/p>\n<p>support [at] allpccloud.de<\/p>\n<p>oder \u00fcber unsere Daten im Impressum.<br \/>\n[\/et_pb_text][\/et_pb_column][\/et_pb_row][\/et_pb_section]<\/p>\n","protected":false},"excerpt":{"rendered":"<p>Datenschutz-Grundverordnung (DSGVO) &nbsp; Informationen zum Datenschutz entsprechend der EU Verordnung 2016\/679 Diese Seite informiert dar\u00fcber, wie allpccloud GmbH mit Nutzerdaten umgeht und wie Sie ihre Datenschutzrechte bei Benutzung des allpccloud Webservice wahrnehmen k\u00f6nnen. Es muss bei unserem Webservice zwischen zwei Benutzertypen unterschieden werden &#8211; wir nennen sie Kunden (clients) und K\u00e4ufer (shoppers). Kunden haben eine [&hellip;]<\/p>\n","protected":false},"author":4,"featured_media":0,"parent":0,"menu_order":0,"comment_status":"closed","ping_status":"closed","template":"","meta":{"_et_pb_use_builder":"on","_et_pb_old_content":"","_et_gb_content_width":"","footnotes":""},"class_list":["post-1691","page","type-page","status-publish","hentry"],"_links":{"self":[{"href":"https:\/\/www.allpccloud.com\/index.php?rest_route=\/wp\/v2\/pages\/1691","targetHints":{"allow":["GET"]}}],"collection":[{"href":"https:\/\/www.allpccloud.com\/index.php?rest_route=\/wp\/v2\/pages"}],"about":[{"href":"https:\/\/www.allpccloud.com\/index.php?rest_route=\/wp\/v2\/types\/page"}],"author":[{"embeddable":true,"href":"https:\/\/www.allpccloud.com\/index.php?rest_route=\/wp\/v2\/users\/4"}],"replies":[{"embeddable":true,"href":"https:\/\/www.allpccloud.com\/index.php?rest_route=%2Fwp%2Fv2%2Fcomments&post=1691"}],"version-history":[{"count":4,"href":"https:\/\/www.allpccloud.com\/index.php?rest_route=\/wp\/v2\/pages\/1691\/revisions"}],"predecessor-version":[{"id":1850,"href":"https:\/\/www.allpccloud.com\/index.php?rest_route=\/wp\/v2\/pages\/1691\/revisions\/1850"}],"wp:attachment":[{"href":"https:\/\/www.allpccloud.com\/index.php?rest_route=%2Fwp%2Fv2%2Fmedia&parent=1691"}],"curies":[{"name":"wp","href":"https:\/\/api.w.org\/{rel}","templated":true}]}}