{"id":1709,"date":"2022-03-07T14:53:43","date_gmt":"2022-03-07T13:53:43","guid":{"rendered":"http:\/\/192.168.2.121\/?page_id=1709"},"modified":"2022-03-21T13:26:00","modified_gmt":"2022-03-21T12:26:00","slug":"fem-simulationen-methoden","status":"publish","type":"page","link":"https:\/\/www.allpccloud.com\/?page_id=1709&lang=de","title":{"rendered":"FEM-Simulationen &amp; Methoden"},"content":{"rendered":"<p>[et_pb_section fb_built=&#8221;1&#8243; _builder_version=&#8221;4.15&#8243; global_colors_info=&#8221;{}&#8221;][et_pb_row _builder_version=&#8221;4.15&#8243; global_colors_info=&#8221;{}&#8221;][et_pb_column type=&#8221;4_4&#8243; _builder_version=&#8221;4.15&#8243; global_colors_info=&#8221;{}&#8221;][et_pb_text _builder_version=&#8221;4.15&#8243; global_colors_info=&#8221;{}&#8221;]<\/p>\n<h1 style=\"text-align: justify;\">FEM: Festigkeits- und Erm\u00fcdungsanalyse<\/h1>\n<p style=\"text-align: justify;\">Mit unserer langj\u00e4hrigen Erfahrung in diesem Bereich k\u00f6nnen wir zu Ihrem Konstruktionsprozess beitragen, State-of-the-Art-Festigkeitsnachweise f\u00fcr Ihre Maschinen liefern und bei der Ursachenanalyse von Sch\u00e4den behilflich sein. Wir verwenden moderne CAD- und FEM-Systeme, die in der Lage sind, nahezu jede Art von gegebenen Modelldaten zu verarbeiten. F\u00fcr die Beanspruchungsbewertung von Maschinenteilen und Schwei\u00dfn\u00e4hten verwenden wir die FKM-Richtlinie. Weitere Regelwerke f\u00fcr spezielle Anwendungen (VDI 2230, DIN EN 13445&#8230;) sind verf\u00fcgbar.<\/p>\n<p>[\/et_pb_text][\/et_pb_column][\/et_pb_row][et_pb_row column_structure=&#8221;2_5,3_5&#8243; _builder_version=&#8221;4.15&#8243; custom_margin=&#8221;20px||||false|false&#8221; global_colors_info=&#8221;{}&#8221;][et_pb_column type=&#8221;2_5&#8243; _builder_version=&#8221;4.15&#8243; global_colors_info=&#8221;{}&#8221;][et_pb_text _builder_version=&#8221;4.15&#8243; global_colors_info=&#8221;{}&#8221;]<\/p>\n<h1 style=\"text-align: justify;\">Galerie<\/h1>\n<p style=\"text-align: justify;\">Robotermanipulator: CAD-Modell und Vergleichsspannung im Regelbetrieb. Standard-Statik- und Erm\u00fcdungsnachweis mit FKM-Richtlinie f\u00fcr Stahl- oder Aluminiumteile.<\/p>\n<p>[\/et_pb_text][\/et_pb_column][et_pb_column type=&#8221;3_5&#8243; _builder_version=&#8221;4.15&#8243; global_colors_info=&#8221;{}&#8221;][et_pb_gallery gallery_ids=&#8221;1257,1258,1259&#8243; _builder_version=&#8221;4.15&#8243; global_colors_info=&#8221;{}&#8221;][\/et_pb_gallery][\/et_pb_column][\/et_pb_row][et_pb_row column_structure=&#8221;2_5,3_5&#8243; _builder_version=&#8221;4.15&#8243; global_colors_info=&#8221;{}&#8221;][et_pb_column type=&#8221;2_5&#8243; _builder_version=&#8221;4.15&#8243; _module_preset=&#8221;default&#8221; global_colors_info=&#8221;{}&#8221;][et_pb_text _builder_version=&#8221;4.15&#8243; global_colors_info=&#8221;{}&#8221;]<\/p>\n<p style=\"text-align: justify;\">Kolbenstangen mit Synchronisation in einer Walzstra\u00dfe. Berechnet wurde die Verteilung der Vergleichsspannung bei nicht synchronisierter Druckbeaufschlagung.<\/p>\n<p>[\/et_pb_text][\/et_pb_column][et_pb_column type=&#8221;3_5&#8243; _builder_version=&#8221;4.15&#8243; global_colors_info=&#8221;{}&#8221;][et_pb_gallery gallery_ids=&#8221;1260,1261&#8243; _builder_version=&#8221;4.15&#8243; global_colors_info=&#8221;{}&#8221;][\/et_pb_gallery][\/et_pb_column][\/et_pb_row][et_pb_row column_structure=&#8221;2_5,3_5&#8243; _builder_version=&#8221;4.15&#8243; global_colors_info=&#8221;{}&#8221;][et_pb_column type=&#8221;2_5&#8243; _builder_version=&#8221;4.15&#8243; _module_preset=&#8221;default&#8221; global_colors_info=&#8221;{}&#8221;][et_pb_text _builder_version=&#8221;4.15&#8243; global_colors_info=&#8221;{}&#8221;]<\/p>\n<p style=\"text-align: justify;\">Walzger\u00fcst: Vergleichsspannung und Durchbiegungen bei 10 kN\/mm Walzspaltkraft zur Auslegung der Spielgr\u00f6\u00dfen in den Lagerf\u00fchrungen.<\/p>\n<p>[\/et_pb_text][\/et_pb_column][et_pb_column type=&#8221;3_5&#8243; _builder_version=&#8221;4.15&#8243; _module_preset=&#8221;default&#8221; global_colors_info=&#8221;{}&#8221;][et_pb_gallery gallery_ids=&#8221;1262,1263,1264&#8243; _builder_version=&#8221;4.15&#8243; global_colors_info=&#8221;{}&#8221;][\/et_pb_gallery][\/et_pb_column][\/et_pb_row][et_pb_row _builder_version=&#8221;4.15&#8243; custom_margin=&#8221;25px||||false|false&#8221; global_colors_info=&#8221;{}&#8221;][et_pb_column type=&#8221;4_4&#8243; _builder_version=&#8221;4.15&#8243; global_colors_info=&#8221;{}&#8221;][et_pb_text _builder_version=&#8221;4.15&#8243; global_colors_info=&#8221;{}&#8221;]<\/p>\n<h1 style=\"text-align: justify;\">FEM: Simulationsmodelle f\u00fcr spezielle Anwendungen<\/h1>\n<p style=\"text-align: justify;\">Unser Portfolio umfasst professionelle FEM-Softwareentwicklung f\u00fcr spezielle Anwendungen, bei denen kommerzielle (Allzweck-) Systeme nicht geeignet sind. Wir verf\u00fcgen \u00fcber ein umfangreiches Toolkit an FEM-, FVM- und numerischer Software, die schnell an viele komplexe Probleme angepasst und bei Bedarf in ein \u00fcbergeordnetes Softwaresystem eingebettet werden k\u00f6nnen. Durch den Einsatz von GPU-Beschleunigungstechniken reduzieren wir die Rechenzeiten erheblich und erf\u00fcllen sogar die strengen Anforderungen an produktive Automatisierungssoftware (Level 2).<\/p>\n<p>[\/et_pb_text][\/et_pb_column][\/et_pb_row][et_pb_row column_structure=&#8221;2_5,3_5&#8243; _builder_version=&#8221;4.15&#8243; global_colors_info=&#8221;{}&#8221;][et_pb_column type=&#8221;2_5&#8243; _builder_version=&#8221;4.15&#8243; global_colors_info=&#8221;{}&#8221;][et_pb_text _builder_version=&#8221;4.15&#8243; global_colors_info=&#8221;{}&#8221;]<\/p>\n<h1 style=\"text-align: justify;\">Gallerie<\/h1>\n<p style=\"text-align: justify;\">Elastisch-plastische Simulation eines Walzspalts als Teil unserer <a href=\"https:\/\/www.allpccloud.com\/?page_id=1235\">Walzwerksoftware<\/a>. Dieses Modell enth\u00e4lt auch einen Kontaktalgorithmus, einen Temperaturl\u00f6ser und nutzt statische Kondensation zur Rechenbeschleunigung. Diese komplexe Methode wird ben\u00f6tigt, um die Grenzen klassischer Bland-Ford-basierter Ans\u00e4tze (siehe Vergleichsabbildung) zu \u00fcberwinden, z.B. f\u00fcr Folienwalz- oder Dressierwalzwerke, wo das Verhalten des Bandmaterials nicht mehr vollplastisch ist (d.h. der elastische Anteil nicht zu vernachl\u00e4ssigen ist). Gleichzeitig ist die elastische Verformung der Arbeitswalze keine Kreisform mehr.<\/p>\n<p>[\/et_pb_text][\/et_pb_column][et_pb_column type=&#8221;3_5&#8243; _builder_version=&#8221;4.15&#8243; global_colors_info=&#8221;{}&#8221;][et_pb_gallery gallery_ids=&#8221;1302,1268,1269,1274&#8243; _builder_version=&#8221;4.15&#8243; global_colors_info=&#8221;{}&#8221;][\/et_pb_gallery][\/et_pb_column][\/et_pb_row][et_pb_row column_structure=&#8221;2_5,3_5&#8243; _builder_version=&#8221;4.15&#8243; global_colors_info=&#8221;{}&#8221;][et_pb_column type=&#8221;2_5&#8243; _builder_version=&#8221;4.15&#8243; global_colors_info=&#8221;{}&#8221;][et_pb_text _builder_version=&#8221;4.15&#8243; global_colors_info=&#8221;{}&#8221;]<\/p>\n<p style=\"text-align: justify;\">Die Vorhersage der elastischen Verformung des Walzenstapels ist wesentlich f\u00fcr die Optimierung des Walzwerkbetriebs. Neben den Prozesskr\u00e4ften hat der eingebrachte W\u00e4rmestrom einen wesentlichen Einfluss auf die Verformung; die daf\u00fcr erforderliche instation\u00e4re Temperatursimulation ist mit der elastischen Analyse gekoppelt. Die verschiedenen Aktuatoren des Walzwerks werden ber\u00fccksichtigt, um die effektive Walzspaltform genau zu steuern. Weitere Informationen \u00fcber unsere Planheitssoftware erhalten Sie <a href=\"https:\/\/www.allpccloud.com\/?page_id=1235\">hier<\/a>.<\/p>\n<p>[\/et_pb_text][\/et_pb_column][et_pb_column type=&#8221;3_5&#8243; _builder_version=&#8221;4.15&#8243; global_colors_info=&#8221;{}&#8221;][et_pb_gallery gallery_ids=&#8221;1270,1271&#8243; _builder_version=&#8221;4.15&#8243; global_colors_info=&#8221;{}&#8221;][\/et_pb_gallery][\/et_pb_column][\/et_pb_row][et_pb_row column_structure=&#8221;1_2,1_2&#8243; disabled_on=&#8221;on|on|on&#8221; _builder_version=&#8221;4.15&#8243; disabled=&#8221;on&#8221; global_colors_info=&#8221;{}&#8221;][et_pb_column type=&#8221;1_2&#8243; _builder_version=&#8221;4.15&#8243; global_colors_info=&#8221;{}&#8221;][et_pb_text _builder_version=&#8221;4.15&#8243; global_colors_info=&#8221;{}&#8221;]<\/p>\n<p style=\"text-align: justify;\">F\u00fcr den D\u00fcnnbrammenguss ist die Vorhersage der Temperaturverteilung und des Erstarrungspunktes per Simulation zwingend erforderlich. K\u00fcrzlich haben wir ein Simulationsmodul f\u00fcr das mechanische Verhalten der erstarrten Strangschale (Aufbauchen) mit speziellen Balkenelementen entwickelt, die die Temperaturverteilung und die Schalendicke ber\u00fccksichtigen. Das Modell vertr\u00e4gt elastische und Kriechdehnung. Mit der speziellen Balkenelementformulierung ist es erheblich schneller als Modelle mit voller Dickendiskretisierung, aber immer noch genauer und kann f\u00fcr komplexe transiente Fallstudien angewendet werden.<\/p>\n<p>[\/et_pb_text][\/et_pb_column][et_pb_column type=&#8221;1_2&#8243; _builder_version=&#8221;4.15&#8243; global_colors_info=&#8221;{}&#8221;][et_pb_gallery gallery_ids=&#8221;1295,1294&#8243; fullwidth=&#8221;on&#8221; _builder_version=&#8221;4.15&#8243; global_colors_info=&#8221;{}&#8221;][\/et_pb_gallery][\/et_pb_column][\/et_pb_row][\/et_pb_section]<\/p>\n","protected":false},"excerpt":{"rendered":"<p>FEM: Festigkeits- und Erm\u00fcdungsanalyse Mit unserer langj\u00e4hrigen Erfahrung in diesem Bereich k\u00f6nnen wir zu Ihrem Konstruktionsprozess beitragen, State-of-the-Art-Festigkeitsnachweise f\u00fcr Ihre Maschinen liefern und bei der Ursachenanalyse von Sch\u00e4den behilflich sein. Wir verwenden moderne CAD- und FEM-Systeme, die in der Lage sind, nahezu jede Art von gegebenen Modelldaten zu verarbeiten. F\u00fcr die Beanspruchungsbewertung von Maschinenteilen und [&hellip;]<\/p>\n","protected":false},"author":4,"featured_media":0,"parent":0,"menu_order":0,"comment_status":"closed","ping_status":"closed","template":"","meta":{"_et_pb_use_builder":"on","_et_pb_old_content":"","_et_gb_content_width":"","footnotes":""},"class_list":["post-1709","page","type-page","status-publish","hentry"],"_links":{"self":[{"href":"https:\/\/www.allpccloud.com\/index.php?rest_route=\/wp\/v2\/pages\/1709","targetHints":{"allow":["GET"]}}],"collection":[{"href":"https:\/\/www.allpccloud.com\/index.php?rest_route=\/wp\/v2\/pages"}],"about":[{"href":"https:\/\/www.allpccloud.com\/index.php?rest_route=\/wp\/v2\/types\/page"}],"author":[{"embeddable":true,"href":"https:\/\/www.allpccloud.com\/index.php?rest_route=\/wp\/v2\/users\/4"}],"replies":[{"embeddable":true,"href":"https:\/\/www.allpccloud.com\/index.php?rest_route=%2Fwp%2Fv2%2Fcomments&post=1709"}],"version-history":[{"count":6,"href":"https:\/\/www.allpccloud.com\/index.php?rest_route=\/wp\/v2\/pages\/1709\/revisions"}],"predecessor-version":[{"id":1924,"href":"https:\/\/www.allpccloud.com\/index.php?rest_route=\/wp\/v2\/pages\/1709\/revisions\/1924"}],"wp:attachment":[{"href":"https:\/\/www.allpccloud.com\/index.php?rest_route=%2Fwp%2Fv2%2Fmedia&parent=1709"}],"curies":[{"name":"wp","href":"https:\/\/api.w.org\/{rel}","templated":true}]}}